0/3). Suppose 0 = j*v - 21 - 42. List the prime factors of v.
3, 7
Let k = -23 - -29. Suppose 0 = -k*x - 2 + 290. List the prime factors of x.
2, 3
Suppose 5*g - 62 = -4*z, 0 = 2*z - 4*z + 2*g + 22. Suppose 2*x = z + 23. What are the prime factors of (-7)/((-21)/x) + -2?
2
Suppose 0 = -0*a - 2*a - 18. Suppose 2*g + 0*y = 3*y + 66, -3*g + 82 = 4*y. Let m = a + g. List the prime factors of m.
3, 7
Let o(u) = 43*u**2 - u + 36. List the prime factors of o(5).
2, 7, 79
Suppose 4*b + 3*l - 10416 = 5909, 0 = 2*b + 4*l - 8170. List the prime factors of b.
4079
Let u be (-1)/1*0 + -64. Let w = 106 + u. What are the prime factors of w?
2, 3, 7
Suppose -4*j = 5*u - 19394, 0 = -4*u + 5*j + 15551 - 44. What are the prime factors of u?
2, 7, 277
Suppose -1596 = 6*a - 4140. What are the prime factors of a?
2, 53
Let h = -91 - -137. Let z = 63 + h. List the prime factors of z.
109
Suppose -3*m - 4*d = -171, 2*m - 5*m - 2*d = -171. Let r be (-29621)/(-171) + 2/(-9). Suppose 4*q = r - m. What are the prime factors of q?
29
Let a(m) = -6*m**3 + 7*m**2 + 2*m - 6. What are the prime factors of a(-3)?
3, 71
Let p(k) = k**3 + 44*k**2 - 56*k + 39. What are the prime factors of p(-45)?
2, 3, 89
Let l = 1756 + -1140. List the prime factors of l.
2, 7, 11
Suppose 0 = -10*q + 10937 - 4137. What are the prime factors of q?
2, 5, 17
Let d = 211 - -368. What are the prime factors of d?
3, 193
Let o = 16 - 12. Let g be 14 - (o + 4 + -6). Suppose 11*q - g*q + 18 = 0. List the prime factors of q.
2, 3
Let b(i) = -9 + 6 - 4*i + 0*i**2 - 5*i - i**2. Let c be b(-8). Suppose f - 15 = -c*g, -3*g + 2 = -f - 15. List the prime factors of g.
2
Suppose 2*u = 4*x + 200, 0*x = -4*u - 3*x + 411. Suppose -4*m + u = -6. Suppose -m - 21 = -2*i. What are the prime factors of i?
2, 3
Suppose -4*d + 4*t + 2200 = 0, -4*t - 1096 = 6*d - 8*d. What are the prime factors of d?
2, 3, 23
Suppose 4*a + 618 = -5*w, w - 10 = -4*w. Let h = a + 231. Suppose -3*l + 5*u = -8*l + 110, -3*l + u = -h. List the prime factors of l.
2, 3
Suppose -3*z + 4*t + 22 = -0*t, -2*z - t + 22 = 0. Suppose -5*i + 2*i + z = -j, 3*i - 20 = -4*j. Suppose j*w + 35 = 203. List the prime factors of w.
2, 3, 7
Suppose -6*c = -c. Suppose 18 = -3*q - 2*v - 2, c = -q + 4*v - 2. List the prime factors of q/(0 + -2) - -12.
3, 5
Suppose 52*d + 4308 = 54*d - 2*g, -4*d + 7*g + 8610 = 0. What are the prime factors of d?
2, 7, 11
Suppose 5*j = -41 + 211. Let m = -812 - -792. Let s = j + m. List the prime factors of s.
2, 7
Let o(x) be the first derivative of x**4/4 - 3*x**3 + 9*x**2/2 - 3. Let w be o(8). What are the prime factors of 1 + 29 - w/8?
29
Let l be (-2 + (-6)/(-3))/(-2). Suppose 4*b = 2*r + 58, -b + 3*r - r + 16 = l. Suppose -19*a + b*a = -110. What are the prime factors of a?
2, 11
Suppose 0 = 4*p - 2*q + 3 - 13, 2*p + q = 11. Suppose p*y = -y - 5*b + 460, 2*y = -4*b + 188. List the prime factors of y.
2, 3, 5
Let s(r) = r**2 - 15*r + 17. What are the prime factors of s(-13)?
3, 127
Let z = 1029 + 338. List the prime factors of z.
1367
Let t = -47 + 53. Suppose -11*y = -t*y - 175. What are the prime factors of y?
5, 7
Let g(d) = -14*d + 420. List the prime factors of g(14).
2, 7
Suppose 5*s = b + 1285, 2*s - b - 514 = 2*b. What are the prime factors of s?
257
Let q(i) = -3*i - 15. Let t be q(-6). Suppose 0 = t*u - 7 - 20. List the prime factors of ((-42)/u)/((-4)/6).
7
Let m(l) be the third derivative of 9*l**4/8 - 2*l**2. Let p be m(7). Suppose -4*a + p = t, 4*t + 210 = a + 4*a. What are the prime factors of a?
2, 23
Suppose -2*j - f + 109 = 0, -3*j - 5*f = -4*j + 49. List the prime factors of j.
2, 3
List the prime factors of -1*(2 - -3) + 135 + 2.
2, 3, 11
Let u(z) = -z + 10. Let b be u(6). List the prime factors of (b/(-12))/(2/(-456)).
2, 19
Let r = -143 + 137. Let j be 22 - (2 + -1 - 0). Let i = j - r. List the prime factors of i.
3
Let y = -446 + 270. Let a be y/(-18) - (-26)/117. Let w = a - 1. List the prime factors of w.
3
Suppose 287*q + 12464 = 295*q. List the prime factors of q.
2, 19, 41
Suppose -g = -2 - 8. Suppose 51 = -5*y - m - 44, 2*m = -g. List the prime factors of -2 - (-2 + y - -2).
2
Let x = -388 + 255. Let i = x + 67. Let g = -20 - i. List the prime factors of g.
2, 23
Let g(m) = -4*m**3 + 7*m + 4. Let n(w) = -5*w**3 + w**2 + 7*w + 5. Let d(j) = -4*g(j) + 3*n(j). What are the prime factors of d(-4)?
11
Let p(u) = 349*u**3 - u. Let v be p(-1). What are the prime factors of v/(-5) - (13/5 + -2)?
3, 23
Let i(d) = -d**2 + 6*d + 58. List the prime factors of i(0).
2, 29
Let k = 49 - 45. Suppose -5*i + v + 2*v + 330 = 0, k*v - 20 = 0. List the prime factors of i.
3, 23
Suppose -7*f + 3*f + 188 = 0. Suppose 0*u + f = -4*p + 5*u, -2*p - 22 = -2*u. List the prime factors of -8*1*14/p.
2, 7
Let k(j) = -5*j - 5. Let u be k(-2). Suppose 5*m - 250 = -u*x, -2*x + x = 4*m - 212. List the prime factors of m.
2, 3
Suppose 0 = -5*o - u + 12, 0 = -3*o - 4*u - 6 + 20. Suppose 16 = -c + o*c. Suppose 3*w + w - c = 0. What are the prime factors of w?
2
Suppose 4*x = 2*n + 314, -4*n + 3*n = -5*x + 388. Suppose 270 = 5*u - 295. Let r = u - x. What are the prime factors of r?
2, 3
Suppose -4*y = -3*w - 471, 0 = -5*w + 15. Suppose -3*z - 2*z + y = 0. Let l = z - 15. What are the prime factors of l?
3
Let c = 44 + -38. List the prime factors of 38*(c/(-2) - -4).
2, 19
Suppose 2*g = -3*x + 21, 3*x - 2*g = 2*g + 3. Suppose 0*c + c = 2*s + 78, x*c = 2*s + 390. List the prime factors of c.
2, 3, 13
Suppose 0 = q - 7*p + 3*p - 9, -15 = q + 4*p. Let k(u) = -u**3 - u**2 + u - 6. What are the prime factors of k(q)?
3
Let y be 2/8 - (-187)/68. Suppose 3*b = -2*z - b + 190, -b = y. Let r = z - 36. What are the prime factors of r?
5, 13
Let m(w) = 3*w - w**3 - 2*w**2 - 3*w**3 - 5 - 2*w**3 - 8*w. What are the prime factors of m(-2)?
3, 5
Let o(f) = -4*f - 10*f + 22*f - 5*f - 22. List the prime factors of o(13).
17
Let g(p) be the second derivative of -p**7/840 + p**6/90 + 7*p**5/120 - p**3/3 + p. Let k(f) be the second derivative of g(f). List the prime factors of k(5).
2, 5
Let d(y) = -y**3 - 6*y**2 - y - 3. Let c be d(-6). Let v be (-33)/(5 + -2) + c. What are the prime factors of (-39)/(-1)*v/(-12)?
2, 13
Let h = 107 - 107. What are the prime factors of h + 115 + 10/(-15)*3?
113
Suppose -479 - 799 = -9*c. What are the prime factors of c?
2, 71
Suppose 4*r - 8 = 0, r - 4 = -2*w + 4*r. Suppose -w*m = 2*y - 11, -12 = 3*m - 9*y + 4*y. Let v = m - -17. List the prime factors of v.
2, 3
Let a be (-1 - 0)*(14 - 28). Let k(n) = -n**2 + 30*n + 20. What are the prime factors of k(a)?
2, 61
Let k(z) = z**3 + 16*z**2 + 3*z + 11. Let l be k(-7). Suppose -5*q - n = -420, 5*q - 4*n - l = -36. List the prime factors of q.
83
Let i(n) = -n**3 + n**2 + 61*n - 95. What are the prime factors of i(-17)?
2, 5, 11, 37
Let g = 12172 + -7438. What are the prime factors of g?
2, 3, 263
Let c be ((-2)/4)/1*2. Let i be 4 + c + 3 + -2. Suppose -3*f + i*f - 49 = 0. List the prime factors of f.
7
Let j be 2/(-5) + (-81)/(-15). Suppose -j*u = -u - 8. What are the prime factors of (0 + 1)/(u/48)?
2, 3
Let d(g) = g - 2. Let n be d(6). Suppose -3*f + n*f + 1 = 0. What are the prime factors of (9/18)/(f/(-22))?
11
Let t(j) = -3*j + 9. Let d be t(-4). Suppose 16*x = d*x - 360. What are the prime factors of x?
2, 3
Let r(x) = x**2 - 9*x - 7. Let d be -4 - (4 + -94)/5. List the prime factors of r(d).
3, 7
Let t be -2 - (5 + 4 + -5). Let u = 3 + 1. What are the prime factors of t*u*-1*1?
2, 3
Suppose 2*r - 8 - 54 = 4*b, -r + b = -26. Let q = -18 + r. Suppose 2*k + 16 = -4*d + 94, q*k - 5*d = 128. What are the prime factors of k?
41
Let u(a) = 2*a**2 + 2*a + 3. Let y be u(-8). Suppose 0 = 3*g - 532 + y. What are the prime factors of g?
139
Let k = -437 - -1445. What are the prime factors of k?
2, 3, 7
Let p be (-16)/(-28) - (-3 - 30/21). Suppose -2*w - 4*v = -265 - 99, w - 175 = p*v. List the prime factors of w.
2, 3, 5
Let t = 10152 - 6422. List the prime factors of t.
2, 5, 373
What are the prime factors of 2/(147/35 + -4)?
2, 5
Let a(k) = k - 21. Let o be a(17). Let x be (2/o)/(3/156). Let b = 54 + x. List the prime factors of b.
2, 7
Let j(x) = -11 + 3*x**2 + 2*x - 6*x - 10*x. Let l(w) = -7*w**2 + 28*w + 21. Let p(z) = -5*j(z) - 2*l(z). List the prime factors of p(12).
37
L